1
Suppose -77957 - 44447 = -71*t. What are the prime factors of t?
2, 431
Let c(n) = 5 + 8 + 4*n - 5 + 4. Let b be c(6). Let h = b - 19. List the prime factors of h.
17
Suppose -b = -2*m - 4*b - 323, 4*m = -5*b - 649. Let i = 80 - m. What are the prime factors of i?
2, 3, 41
Let b(l) = 11*l + 1. Let x(y) = 1. Let m(u) = -b(u) + 5*x(u). Let i(w) = 10*w - 4. Let r(z) = -6*i(z) - 7*m(z). List the prime factors of r(3).
47
Suppose 4*r = 3384 - 300. What are the prime factors of r?
3, 257
Let y = -39 - -67. What are the prime factors of y?
2, 7
Suppose -4*v + 8*v = 20. Suppose 2*w - 63 = -5*r, -44 - 76 = -v*w - 5*r. What are the prime factors of w?
19
Let a = 2022 + -509. Suppose -604 = 9*p - a. What are the prime factors of p?
101
Let w(d) = -3*d**3 + d**2 + d - 94. Let s(x) = -4*x**3 + x**2 + 2*x - 95. Let j(t) = 2*s(t) - 3*w(t). List the prime factors of j(0).
2, 23
Let u = 6 - 8. Let a be -7 - -8 - (u - 2). Suppose 0 = a*t - 2*t - 90. What are the prime factors of t?
2, 3, 5
Let u = 28 - 26. Let k be (-78)/65*(-5)/u. Suppose 5*p - 111 = -2*h, -k*p + 325 = 5*h - 0*p. List the prime factors of h.
2, 17
Suppose -3*j + 343 = -4*t, j + 31 = 4*t + 132. Suppose 4*n - j - 35 = 0. Suppose 5*q - n = 96. What are the prime factors of q?
3
What are the prime factors of 773318/182*(1/7 - 0)?
607
Let k(n) = n**2 - 6*n. Let c be k(6). Suppose c*g + 3*g - 138 = 0. What are the prime factors of g?
2, 23
Let s be (1 - -3) + 2 + -2. Let j = 29 + -24. Suppose s*h - j*h = -41. List the prime factors of h.
41
Let p(y) be the second derivative of -1/6*y**4 - 1/2*y**2 - 4*y - 3/2*y**3 + 0. List the prime factors of p(-4).
3
What are the prime factors of (1 + 33318/(-12))/(3/(-6))?
7, 13, 61
Suppose -3*f + 5*k = -251, k = f - k - 84. Let m = 7 - 3. Suppose 3*i - m*s = -6*s + f, 105 = 5*i - 3*s. List the prime factors of i.
2, 3
Suppose 3*h + 12 = -x - 3*x, 5*h = 4*x + 12. Let s(r) = -1 + r**2 + 0*r**3 + r**3 + r + h*r**3. List the prime factors of s(1).
2
Suppose 4*l - l = 2*i + 30, -36 = -3*l + 4*i. Suppose -237 - 211 = -l*m. List the prime factors of m.
2, 7
Suppose 30 = 2*t + 4. Suppose i = 3*w + 2*w + t, -2*i - 5*w + 71 = 0. List the prime factors of i.
2, 7
Let u = 63 + -57. What are the prime factors of (u + -9)*(0 - 76/6)?
2, 19
Let c(v) be the first derivative of -v**4/4 - 5*v**3/3 + 3*v**2/2 + 14*v - 9. List the prime factors of c(-6).
2
Let d = 34 + -19. Suppose t - 101 = -4*x, -4*t - t - d = 0. List the prime factors of x.
2, 13
Let x(c) = 3*c - 1. Let m = -17 + 18. Let y be x(m). Let o(v) = 11*v**2 + v + 2. What are the prime factors of o(y)?
2, 3
Suppose -32 + 44 = 2*f. List the prime factors of (1 + (-15)/f)/((-1)/118).
3, 59
Let k(y) be the first derivative of y**4/4 + y**3 + y**2 + 2*y + 5. Let d be k(-2). Let p = d - -10. List the prime factors of p.
2, 3
Let f be (-82)/(-8) - (-10)/(-40). Let q be 7*f*1/7. Let g = q - 4. What are the prime factors of g?
2, 3
Suppose 5573 = 7*i - 8980. What are the prime factors of i?
3, 7, 11
Let b(u) = -6*u + 605. What are the prime factors of b(41)?
359
Let m = 1656 + -660. What are the prime factors of m?
2, 3, 83
Let t(c) = -27*c**3 - c**2 + 3*c + 3. What are the prime factors of t(-3)?
2, 3, 7, 17
Suppose -12*n = -16*n + 24. Suppose 10*u = 9*u + n. List the prime factors of u.
2, 3
Let i(x) = 2*x**2 - 11*x + 21. Let b = -47 + 57. What are the prime factors of i(b)?
3, 37
Let q(m) = m**2 - 8*m + 4. Let b be q(8). What are the prime factors of ((-54)/b)/((-9)/54)?
3
Let a(m) be the third derivative of -5*m**4/12 - 5*m**3/3 + 12*m**2. What are the prime factors of a(-8)?
2, 5, 7
Suppose 3*z - 3*q - 1336 = 692, 0 = 3*z - q - 2026. List the prime factors of z.
3, 5
Let h be (-224)/(-49) + 8/(-14). What are the prime factors of 259/h - (-30)/(-40)?
2
Suppose 4*f + 32160 = 20*f. List the prime factors of f.
2, 3, 5, 67
Suppose -2*r + 4*r - 5*h - 275 = 0, 0 = 4*r - 2*h - 510. Suppose 0 = 32*x - 31*x + r. List the prime factors of x/2*(-32)/40.
2, 5
List the prime factors of 5*1 - (186 - 2474).
2293
Let m(x) = -x - 1. Let y(w) = w**3 - 10*w**2 - 12*w + 2. Let o(v) = -2*m(v) + y(v). Let d be (-1)/(-4) + (-903)/(-84). List the prime factors of o(d).
3, 5
List the prime factors of (-3)/(-7) + (-58776)/(-56).
2, 3, 5, 7
Let n(z) = 7 - 4*z + 2*z + 4*z. Let k be n(-4). List the prime factors of 12 - (-2 + 0/k).
2, 7
Let y(u) = u**2 + 4. Suppose -1 = -q - 0, -w - 4*q + 4 = 0. Let h be y(w). Suppose -5*t + h*f = -0*t - 50, 0 = 3*f - 15. List the prime factors of t.
2, 7
Let v(l) = -l**3 + 7*l**2 + 9*l - 4. Let q be v(8). Suppose n - 380 = -q*n. What are the prime factors of n?
2, 19
Suppose -3*f = -5*d + 13, -d - 3 = -2*f - 0. Suppose -140 = -0*q - d*q. What are the prime factors of q?
2, 7
Let i = 2 - 13. Let p(m) be the first derivative of -m**4/4 - 10*m**3/3 + 9*m**2/2 + 12*m - 23. What are the prime factors of p(i)?
2, 17
Let i(d) = 25*d. Let w be i(-1). Let g be 2 + 2/(3/(9/(-6))). What are the prime factors of 3 + -2 + (g - w)?
3
Let k(d) = -113*d - 31. What are the prime factors of k(-9)?
2, 17, 29
Suppose -4*s - 384 = -8*s. Suppose -3*w = 30 - s. What are the prime factors of w?
2, 11
Suppose -31*q = -26*q. Suppose -4*y + y + 189 = q. What are the prime factors of y?
3, 7
Let w(i) = 646*i + 9. List the prime factors of w(6).
3, 5, 7, 37
Suppose -5*a + 210 = 5*k, 5*a - 210 = -0*a - k. Suppose -4*m + 56 = 3*h, -4*h + 2*h - a = -2*m. Suppose -3*s + m = -7. List the prime factors of s.
2
Let f(h) = -171*h**2 - 3*h - 4. Let x be f(-1). Let m = x + 304. What are the prime factors of m?
2, 3, 11
Let w = -36 + 39. Suppose -4*s = -w*p - 280, s + 2*p = 6 + 64. What are the prime factors of s?
2, 5, 7
Let z(d) = 6*d**3 - 2*d**2 - 2*d + 1. Let o be z(1). Suppose -4*i - f = -1182, i - f - 304 = o*f. What are the prime factors of i?
2, 37
Suppose -2*n + 21*x = 17*x - 2070, -2*n = x - 2095. List the prime factors of n.
5, 11, 19
Let a(k) = 138*k - 130. List the prime factors of a(5).
2, 5, 7
Let d = -41 + 221. Suppose d + 76 = 4*n. Suppose -3*b + n = -35. List the prime factors of b.
3, 11
Suppose -2*t + t + 3 = 2*j, -4*t + 4*j + 36 = 0. Suppose -5*p + t = -4*p. List the prime factors of p.
7
Let l(a) = -a - 6. Let q be l(-2). What are the prime factors of -3*1 + 22*(-14)/q?
2, 37
Let m be 7017/57 - 6/57. Let j = m - 34. List the prime factors of j.
89
Let w(t) = t**3 - 3*t**2 - 3*t - 7. Let v be w(5). Let x = v - 16. Suppose -c = -3*c + x. List the prime factors of c.
2, 3
Let w(y) = 2*y**3 + 5*y**2 + 3*y + 6. Let q be w(5). Suppose 0 = -0*o - 3*o + q. List the prime factors of o.
2, 3, 11
Let d(p) = -p + 74 + 2*p**2 - 1 - p**2 - 3*p**2. What are the prime factors of d(0)?
73
Let w(i) = -i - 1. Let o(f) = 5*f + 8. Let s(c) = -o(c) - 6*w(c). Let n be s(5). Suppose 0 = n*r + 16 - 49. What are the prime factors of r?
11
What are the prime factors of 624512/374 + (-4)/(-22)?
2, 5, 167
Let u = 40 - -354. What are the prime factors of u?
2, 197
Suppose -2*p - 87 = 53. Let r = p + 82. List the prime factors of r.
2, 3
Suppose 3*q - 2*b - 1233 = -3*b, 826 = 2*q + 2*b. Let k = q + -272. List the prime factors of k.
2, 3, 23
Let i(g) be the first derivative of 5*g**2 - 43*g - 61. What are the prime factors of i(15)?
107
Suppose -1250 = -g - 9*g. List the prime factors of g.
5
Suppose -5*b + 2*u + 10 = 0, -b + 3*u = 8*u - 2. Suppose 3*o = -3, -2*j + 66 = -b*o - 146. Suppose 0 = -2*k + 7*k - j. List the prime factors of k.
3, 7
Let w be -1*((0 - -3) + 21). What are the prime factors of 748/5 + w/40?
149
Suppose 0 = -3*l + 118 - 16. Suppose -4*b + l = -46. List the prime factors of b.
2, 5
Let j(g) = 1018*g + 153. What are the prime factors of j(2)?
11, 199
Suppose 15 = -5*w - 75. What are the prime factors of (-9)/(0 - (-2)/w)?
3
Let h(d) = -d**3 + 30*d**2 + 46*d + 158. List the prime factors of h(23).
4919
Suppose -4*w = w - 2*q - 17, 5*q = -5*w + 10. Suppose -3*s = -9, 0*v + 5*s + 6 = -w*v. Let m = v - -12. List the prime factors of m.
5
Let s be (-1 + -2)/((-13)/3614). Suppose -5*h + 3*d + 1493 = 0, 4*d - s = -3*h + 56. List the prime factors of h.
2, 149
Let v be 1/((-4)/24)*-10. Let i = v - -144. Suppose -3*y + i = y. List the prime factors of y.
3, 17
Let w = -17 - -24. Suppose 0 = 2*a - 2*q + 8, w = 5*a - 4*q + 24. Let f = a + 28. List